 h?
3, 229
Let s = -214 + 721. List the prime factors of s.
3, 13
Let v be (12 - 0)/(3/27). Suppose 20 = -2*f + v. Suppose f = -5*d + 129. What are the prime factors of d?
17
Suppose -14*b = -10*b - 80. What are the prime factors of 2*(-215)/b*-10?
5, 43
Let r = 9 - 23. Suppose -5*b - 62 + 252 = 0. Let a = b + r. What are the prime factors of a?
2, 3
List the prime factors of 0 - (-3)/2*(-11370)/(-9).
5, 379
Suppose 28984 = 30*f - 117026. What are the prime factors of f?
31, 157
Let y(j) = -j**3 + 60*j**2 - 57*j - 28. List the prime factors of y(58).
2, 1697
Suppose -3*u - 2*p = -419, 2*u + 2*p + 3*p = 261. Suppose -5*a + u = -112. What are the prime factors of a?
3, 17
Suppose 0 = -c + 1, 3*g + 3*c - 21 = -0*g. Let d(l) = -l**2 + 14*l - 1. Let u be d(g). Suppose -2*x + u = -1. List the prime factors of x.
2, 3
Suppose 32 = -g + 5*g + 4*b, 0 = 5*g - 3*b - 32. Suppose -3*z - g*z = -120. List the prime factors of z.
2, 3
Let n be (10/15)/(6/5013). Suppose 3*h = 2*c - 271, -4*c + 0*h + n = -3*h. What are the prime factors of c?
11, 13
What are the prime factors of (-1 + (-15)/12)/(5/(-1700))?
3, 5, 17
Let h be (3 - 4)/(0 - -1). Let c(r) = -60*r + 2. List the prime factors of c(h).
2, 31
Suppose 18*v + 4*v - 22154 = 0. List the prime factors of v.
19, 53
Let v = -1308 - -894. Let o = v + 662. What are the prime factors of o?
2, 31
Let d = -129 - -182. Let f(k) = -10*k**2 - 2*k + 4. Let n be f(-2). Let s = d + n. What are the prime factors of s?
3, 7
Suppose 0 = -3*n - 21 + 30. What are the prime factors of (1216/(-57))/((-1)/n)?
2
Let p = -2 + 142. Suppose 4*j - r - 220 = 0, -p = -5*j - 4*r + 114. Suppose -210 - j = -6*c. What are the prime factors of c?
2, 11
Let g be ((-4)/6)/(1/(-3)). Suppose 3*c = g*c + 3. Suppose c*n - 5*n + 40 = 0. List the prime factors of n.
2, 5
Suppose 0 = -4*d - 87 + 15. Let g be (0/4)/3 - d. Suppose -6*v = -0*v - g. List the prime factors of v.
3
Let y(v) = -v**3 + 13*v**2 - 2*v + 16. Let f be y(12). Suppose 0 = -w + 2 + 3, -f = -n + 4*w. What are the prime factors of n?
2, 3, 13
Let c(a) = a**2 - 9*a + 5. Let u be c(9). Suppose -8*o - 13*o = -903. Suppose -4*i + i = -l + 41, -l + u*i = -o. List the prime factors of l.
2, 19
Suppose -2262 = -2*s - q, -22*q - 5650 = -5*s - 27*q. List the prime factors of s.
2, 283
Let a(y) be the second derivative of -y**4/4 - y**3/2 - 3*y**2 + 6*y. Let k(p) = p**2 + p + 3. Let i(m) = 2*a(m) + 5*k(m). List the prime factors of i(0).
3
Let x = 22 + 2. Suppose -x*f + 25*f - 20 = 0. What are the prime factors of f?
2, 5
Suppose 0 = 30*s - 3469 - 5231. What are the prime factors of s?
2, 5, 29
Let c(q) = 85*q**2 + 9*q. What are the prime factors of c(-5)?
2, 5, 13
Let o = 824 + -241. What are the prime factors of o?
11, 53
Let s(u) = -642*u + 20. What are the prime factors of s(-1)?
2, 331
Let v(x) be the third derivative of 0 + 13/24*x**4 + 5/6*x**3 + 0*x - 7*x**2. List the prime factors of v(3).
2, 11
What are the prime factors of 5 - (-91 - -2)*2?
3, 61
Let f = 501 + 40. List the prime factors of f.
541
Let f be 238/(-21) - 2/(-6). Let a(j) = j**3 + 12*j**2 + 6*j + 6. Let k be a(f). Let s = -33 + k. What are the prime factors of s?
2, 7
Let m = -21 - -20. Let s(k) be the first derivative of -23*k**4/2 + k**3/3 + k**2/2 - 2. List the prime factors of s(m).
2, 23
Suppose -11*l + 13*l = 10. Suppose l*c = 2*o + 76, -3*o + o - 34 = -2*c. What are the prime factors of c?
2, 7
Let l(s) = -10*s**3 - s - 2. Let q(d) = -d**2 + 13*d - 23. Let w be q(11). List the prime factors of l(w).
3
Suppose 0 = 2*b - b - 53. Suppose 0 = 3*w - b - 19. Let d = w + -16. What are the prime factors of d?
2
Let c be -1 + 5 - -3*(-7)/(-21). Suppose -1105 = -5*q - l, c*q = -4*l - 0*l + 1090. List the prime factors of q.
2, 3, 37
Let z(v) = 9*v**2 - 2*v + 1. Let b be z(1). Let h(i) = i**2 - 5*i - 1. Let j be h(5). List the prime factors of 4 - j/(4/b).
2, 3
What are the prime factors of ((-7249)/33)/(2/(-18))?
3, 659
Let j = -968 - -1645. What are the prime factors of j?
677
Let m(b) = b**3 - 7*b**2 - 8*b + 7. Suppose 4*t + 60 = 5*k, k = -4*t - 12 - 0. Suppose -2*u = -3*l - 16, 3*u - 3*l - k = 16. List the prime factors of m(u).
7
Let u = 3038 - 1274. Suppose 4*p + 2*p = -u. List the prime factors of (p/(-18))/(3/9).
7
Suppose 2*s = 2204 - 1862. List the prime factors of s.
3, 19
List the prime factors of 1/3*5571*(-5)/(-5).
3, 619
Let g = 0 + 7. Let z be g/35 + (-502)/10. Let d = 85 + z. What are the prime factors of d?
5, 7
Let a = 206 + -174. List the prime factors of a.
2
Let q(k) = k**2 + 4*k - 5. Let r be q(-5). Let z be -2 + (r - 17)*1. Let x = 15 - z. List the prime factors of x.
2, 17
Let f be -1*1/((-2)/8). Suppose 0*u - f*u + 200 = 0. Suppose 3*r - u = r. List the prime factors of r.
5
Suppose m = -4*m + 2*z + 186, 2*z = 4*m - 150. Let s = m + -26. List the prime factors of s.
2, 5
Let f(a) = a**2 + 7*a + 20. Let d(g) = -2*g + 9. Let z be d(7). Let m be f(z). Suppose j - 70 = -2*w, w + w = m. What are the prime factors of j?
2, 3, 5
Suppose 5*l - 3*x = 2*x + 25, x = -2*l + 25. Suppose 10*g - l = 5*g. Suppose -g*a - 26 = -5*n, -2*n - 3*a + a + 2 = 0. What are the prime factors of n?
2
Let r be 5/(30/(-146))*-6. Let t be 1/(-4) - r/(-8). Let x = -12 + t. What are the prime factors of x?
2, 3
Let v(p) = 32*p + 31. What are the prime factors of v(11)?
383
Suppose -439 = -2*t + 9. Suppose 5*a - t = a. What are the prime factors of a?
2, 7
Suppose 43 = -5*o + 48. Suppose -h - 223 = -3*b, -5*b - 43 = 2*h + 447. List the prime factors of (o + 1)/((-10)/h).
47
Suppose -5*k + 368 = -3*i + 7*i, 3*i - 5*k - 311 = 0. What are the prime factors of i?
97
Let f be (-2)/10 + (-24)/30. What are the prime factors of f*1 - 5*(-5 - 15)?
3, 11
Suppose 43*t - 34*t = 4338. What are the prime factors of t?
2, 241
Let q = 98 + 74. List the prime factors of q.
2, 43
What are the prime factors of -93*(-11 + -7) + -10?
2, 13
Suppose -54*o = -44*o - 4600. What are the prime factors of o?
2, 5, 23
List the prime factors of ((-2559)/(-3))/(11/(1 - -10)).
853
Let z(i) = 34*i**2 + 18*i - 7. List the prime factors of z(3).
353
Let n be -9*3/(36/56). Let t = -36 - n. List the prime factors of t.
2, 3
Let z(k) = k**3 - 1. Let b be z(1). Let h = 5 + 0. Suppose 130 = h*r - b*r. List the prime factors of r.
2, 13
Let w be ((-2)/(-2))/((-4)/12) + 2. Let z(g) = -95*g + 4. List the prime factors of z(w).
3, 11
Suppose -68 = t - 20. List the prime factors of (-1667)/(-9) - (t/27 - -2).
5, 37
Suppose -1975 = -17*c + 5267. What are the prime factors of c?
2, 3, 71
Let o(y) = -51*y**2 + y + 1. Let w be o(-1). Suppose -5*c - 4*i + i = -396, -3*c - 4*i + 231 = 0. Let g = w + c. List the prime factors of g.
2, 3, 5
Let l be (4 + 25/(-10))*4. Let t(f) = 4*f**2 - 5*f + 2. Let x(h) = 9*h**2 - 10*h + 3. Let z(r) = 5*t(r) - 2*x(r). List the prime factors of z(l).
2, 23
Suppose 5502 + 9488 = 10*c. List the prime factors of c.
1499
Let n(z) = 6*z**3 - 2*z**2 - 9*z + 9. Let a(x) = 4*x**3 - x**2 - 6*x + 6. Let o(f) = 8*a(f) - 5*n(f). What are the prime factors of o(2)?
3, 7
What are the prime factors of 96/(-288) - 21068/(-6)?
3511
Suppose 3*h = -4*i + 668 + 221, 5*i = -2*h + 602. What are the prime factors of h?
3, 97
Suppose -32*q + 55471 + 7121 = 0. List the prime factors of q.
2, 3, 163
Let x be (-4)/(-18) + (-528)/(-54). Let p(w) = -15*w**2 + 5*w**2 + 11*w - 9*w - x + w**3. List the prime factors of p(10).
2, 5
Suppose -5*s + 673 = 113. Suppose -3*w = -w - s. Let a = w - 30. List the prime factors of a.
2, 13
Suppose 2*n - 5*c + 8 = 0, 5*c - 1 + 2 = n. List the prime factors of (n/4)/((-5)/220).
3, 11
Suppose 2553 = 3*g + 3*i, 0*i = -g - 3*i + 847. List the prime factors of g.
853
Let r(g) = g**3 + 7*g**2 + 7*g + 10. Let h be r(-6). Suppose -a + 20 = h*a. Suppose n - 2*t = 12, a*t - 12 + 32 = 0. What are the prime factors of n?
2
Suppose -44221 = -41*y + 58361. List the prime factors of y.
2, 3, 139
Suppose -1229 + 77 = -12*j. List the prime factors of j.
2, 3
Let h = -1 - -11. Suppose 0 = -p + 3*b + h, -b - b = -p + 6. What are the prime factors of (p - 12*-2) + -1?
3, 7
Let z = -90 + 764. What are the prime factors of z?
2, 337
Let m(s) = -153*s + 2. Let k be m(-2). Let z = -201 + k. Suppose 0 = -4*i - 3*l + z, i + i + 4*l - 46 = 0. What are the prime fa